{"id":440,"date":"2026-04-10T21:29:04","date_gmt":"2026-04-10T21:29:04","guid":{"rendered":"https:\/\/www.zadorfalva.hu\/?page_id=440"},"modified":"2026-04-10T21:29:04","modified_gmt":"2026-04-10T21:29:04","slug":"zadorfalva-001-szavazokor-helyi-valasztasi-bizottsag-tagjai","status":"publish","type":"page","link":"https:\/\/www.zadorfalva.hu\/?page_id=440","title":{"rendered":"Z\u00e1dorfalva 001. szavaz\u00f3k\u00f6r Helyi V\u00e1laszt\u00e1si Bizotts\u00e1g tagjai"},"content":{"rendered":"\n<pre class=\"wp-block-code\"><code>Maurnyi L\u00e1szl\u00f3n\u00e9            - a bizotts\u00e1g eln\u00f6ke\nK\u00f3kai Gyul\u00e1n\u00e9               - eln\u00f6khelyettes\nKiss B\u00e9l\u00e1n\u00e9                 - v\u00e1lasztott tag\nN\u00e9methyn\u00e9 Poll\u00e1k \u00c9va        - v\u00e1lasztott tag\nHorv\u00e1th Nat\u00e1lia             - v\u00e1lasztott tag\nMoln\u00e1rn\u00e9 Miskolczi Andrea   - szavaz\u00f3k\u00f6ri jegyz\u0151k\u00f6nyvvezet\u0151\n\nP\u00f3ttagok:\nTarczali Lajosn\u00e9\nL\u00e1z\u00f3 G\u00e1born\u00e9\nHorv\u00e1th R\u00f3bertn\u00e9<\/code><\/pre>\n","protected":false},"excerpt":{"rendered":"","protected":false},"author":2,"featured_media":0,"parent":0,"menu_order":0,"comment_status":"closed","ping_status":"closed","template":"","meta":[],"_links":{"self":[{"href":"https:\/\/www.zadorfalva.hu\/index.php?rest_route=\/wp\/v2\/pages\/440"}],"collection":[{"href":"https:\/\/www.zadorfalva.hu\/index.php?rest_route=\/wp\/v2\/pages"}],"about":[{"href":"https:\/\/www.zadorfalva.hu\/index.php?rest_route=\/wp\/v2\/types\/page"}],"author":[{"embeddable":true,"href":"https:\/\/www.zadorfalva.hu\/index.php?rest_route=\/wp\/v2\/users\/2"}],"replies":[{"embeddable":true,"href":"https:\/\/www.zadorfalva.hu\/index.php?rest_route=%2Fwp%2Fv2%2Fcomments&post=440"}],"version-history":[{"count":1,"href":"https:\/\/www.zadorfalva.hu\/index.php?rest_route=\/wp\/v2\/pages\/440\/revisions"}],"predecessor-version":[{"id":441,"href":"https:\/\/www.zadorfalva.hu\/index.php?rest_route=\/wp\/v2\/pages\/440\/revisions\/441"}],"wp:attachment":[{"href":"https:\/\/www.zadorfalva.hu\/index.php?rest_route=%2Fwp%2Fv2%2Fmedia&parent=440"}],"curies":[{"name":"wp","href":"https:\/\/api.w.org\/{rel}","templated":true}]}}