{"id":32,"date":"2017-07-10T08:13:24","date_gmt":"2017-07-10T08:13:24","guid":{"rendered":"http:\/\/www.zadorfalva.hu\/?page_id=32"},"modified":"2018-04-13T12:33:51","modified_gmt":"2018-04-13T12:33:51","slug":"intezmenyek","status":"publish","type":"page","link":"http:\/\/www.zadorfalva.hu\/?page_id=32","title":{"rendered":"Int\u00e9zm\u00e9nyek"},"content":{"rendered":"<h5>&#8211; Z\u00e1dorfalva \u00d3voda<\/h5>\n<p>C\u00edm: 3726 Z\u00e1dorfalva, Pet\u0151fi S\u00e1ndor \u00fat 19.<br \/>\nTel.: 06-48\/358-113<br \/>\nInt\u00e9zm\u00e9nyvezet\u0151: Lengyel Bertalann\u00e9<\/p>\n<p>&nbsp;<\/p>\n<h5>&#8211; H\u00e1ziorvosi szolg\u00e1l<\/h5>\n<p>Dr. Siv\u00e1k J\u00f3zsef Bt.<br \/>\nC\u00edm: 3726 Z\u00e1dorfalva, Kossuth Lajos \u00fat 2.<br \/>\nTel.: 06-48\/358-009<\/p>\n<p>Rendel\u00e9si id\u0151<\/p>\n<p>H\u00e9tf\u0151: \u00a0\u00a0\u00a0\u00a0\u00a0\u00a0\u00a0\u00a0\u00a0\u00a0\u00a0\u00a0\u00a0\u00a0\u00a0\u00a0\u00a0\u00a0\u00a0\u00a0\u00a0\u00a0\u00a0\u00a0\u00a0\u00a0 Als\u00f3szuha\u00a0 \u00a0 \u00a0 \u00a0 \u00a0 \u00a008:00-10:00<br \/>\nKedd: \u00a0\u00a0\u00a0\u00a0\u00a0\u00a0\u00a0\u00a0\u00a0\u00a0\u00a0\u00a0\u00a0\u00a0\u00a0\u00a0\u00a0\u00a0\u00a0\u00a0\u00a0\u00a0\u00a0\u00a0\u00a0\u00a0 Z\u00e1dorfalva\u00a0\u00a0\u00a0\u00a0\u00a0\u00a0\u00a0\u00a0\u00a0\u00a0 12:00-14:00<br \/>\nSzerda:\u00a0\u00a0\u00a0\u00a0\u00a0\u00a0\u00a0\u00a0\u00a0\u00a0\u00a0\u00a0\u00a0\u00a0\u00a0\u00a0\u00a0\u00a0\u00a0\u00a0\u00a0\u00a0\u00a0\u00a0\u00a0 Szuhaf\u0151\u00a0\u00a0\u00a0\u00a0\u00a0\u00a0\u00a0\u00a0\u00a0\u00a0\u00a0\u00a0\u00a0\u00a0 11:30-<br \/>\nCs\u00fct\u00f6rt\u00f6k:\u00a0\u00a0\u00a0\u00a0\u00a0\u00a0\u00a0\u00a0\u00a0\u00a0\u00a0\u00a0\u00a0\u00a0\u00a0\u00a0\u00a0\u00a0\u00a0\u00a0 Als\u00f3szuha\u00a0 \u00a0 \u00a0 \u00a0 \u00a0 \u00a012:00-14:00<br \/>\nP\u00e9ntek:\u00a0\u00a0\u00a0\u00a0\u00a0\u00a0\u00a0\u00a0\u00a0\u00a0\u00a0\u00a0\u00a0\u00a0\u00a0\u00a0\u00a0\u00a0\u00a0\u00a0\u00a0\u00a0\u00a0\u00a0\u00a0 Z\u00e1dorfalva\u00a0 \u00a0 \u00a0 \u00a0 \u00a0 08:00-10:00<\/p>\n<p>&nbsp;<\/p>\n<h5>-V\u00e9d\u0151n\u0151i szolg\u00e1lat<\/h5>\n<p>Nagyn\u00e9 Fekete Fruzsina<br \/>\nC\u00edm: 3726 Z\u00e1dorfalva, Kossuth Lajos \u00fat 2.<br \/>\nTel.: 06-48\/358-405<\/p>\n<p>Munkarend:<\/p>\n<p>Kedd: \u00a0\u00a0\u00a0\u00a0\u00a0\u00a0\u00a0\u00a0\u00a0\u00a0\u00a0\u00a0\u00a0\u00a0\u00a0\u00a0\u00a0 \u00a0\u00a0\u00a0\u00a0\u00a0\u00a0\u00a0\u00a0 Z\u00e1dorfalva \u00a0\u00a0\u00a0\u00a0\u00a0\u00a0\u00a0\u00a0\u00a0\u00a0\u00a0\u00a0\u00a0\u00a0\u00a0\u00a0\u00a0\u00a0 12:00-15:00<br \/>\nCsecsem\u0151 \u00e9s gyermek tan\u00e1csad\u00e1s<\/p>\n<p>Cs\u00fct\u00f6rt\u00f6k\u00a0\u00a0\u00a0\u00a0\u00a0\u00a0\u00a0\u00a0\u00a0\u00a0\u00a0\u00a0\u00a0\u00a0\u00a0\u00a0\u00a0\u00a0\u00a0\u00a0\u00a0 Als\u00f3szuha\u00a0\u00a0\u00a0\u00a0\u00a0\u00a0\u00a0\u00a0\u00a0\u00a0\u00a0\u00a0\u00a0\u00a0\u00a0\u00a0\u00a0\u00a0\u00a0\u00a0 11:00-13:00<br \/>\nP\u00e9ntek:\u00a0\u00a0\u00a0\u00a0\u00a0\u00a0\u00a0\u00a0\u00a0\u00a0\u00a0\u00a0\u00a0\u00a0\u00a0\u00a0\u00a0\u00a0\u00a0\u00a0\u00a0\u00a0\u00a0\u00a0\u00a0 Z\u00e1dorfalva \u00a0\u00a0\u00a0\u00a0\u00a0\u00a0\u00a0\u00a0\u00a0\u00a0\u00a0\u00a0\u00a0\u00a0\u00a0\u00a0\u00a0\u00a0 08:00-10:00<br \/>\nV\u00e1rand\u00f3s tan\u00e1csad\u00e1s<\/p>\n<p>&nbsp;<\/p>\n<h5>&#8211; Teleh\u00e1z Z\u00e1dorfalva<\/h5>\n<p>C\u00edm: 3726 Z\u00e1dorfalva, D\u00f3zsa Gy\u00f6rgy \u00fat 1.<br \/>\nTel.: 06-48\/358-001<\/p>\n<p>&nbsp;<\/p>\n<p><img loading=\"lazy\" class=\"aligncenter size-full wp-image-149\" src=\"http:\/\/www.zadorfalva.hu\/wp-content\/uploads\/2018\/04\/IMG_0796_e.jpg\" alt=\"\" width=\"800\" height=\"600\" srcset=\"http:\/\/www.zadorfalva.hu\/wp-content\/uploads\/2018\/04\/IMG_0796_e.jpg 800w, http:\/\/www.zadorfalva.hu\/wp-content\/uploads\/2018\/04\/IMG_0796_e-768x576.jpg 768w\" sizes=\"(max-width: 800px) 100vw, 800px\" \/><\/p>\n","protected":false},"excerpt":{"rendered":"<p>&#8211; Z\u00e1dorfalva \u00d3voda C\u00edm: 3726 Z\u00e1dorfalva, Pet\u0151fi S\u00e1ndor \u00fat 19. Tel.: 06-48\/358-113 Int\u00e9zm\u00e9nyvezet\u0151: Lengyel Bertalann\u00e9 &nbsp; &#8211; H\u00e1ziorvosi szolg\u00e1l Dr. Siv\u00e1k J\u00f3zsef Bt. C\u00edm: 3726 Z\u00e1dorfalva, Kossuth Lajos \u00fat 2. Tel.: 06-48\/358-009 Rendel\u00e9si id\u0151 H\u00e9tf\u0151: \u00a0\u00a0\u00a0\u00a0\u00a0\u00a0\u00a0\u00a0\u00a0\u00a0\u00a0\u00a0\u00a0\u00a0\u00a0\u00a0\u00a0\u00a0\u00a0\u00a0\u00a0\u00a0\u00a0\u00a0\u00a0\u00a0 Als\u00f3szuha\u00a0 \u00a0 \u00a0 \u00a0 \u00a0 \u00a008:00-10:00 Kedd: \u00a0\u00a0\u00a0\u00a0\u00a0\u00a0\u00a0\u00a0\u00a0\u00a0\u00a0\u00a0\u00a0\u00a0\u00a0\u00a0\u00a0\u00a0\u00a0\u00a0\u00a0\u00a0\u00a0\u00a0\u00a0\u00a0 Z\u00e1dorfalva\u00a0\u00a0\u00a0\u00a0\u00a0\u00a0\u00a0\u00a0\u00a0\u00a0 12:00-14:00 Szerda:\u00a0\u00a0\u00a0\u00a0\u00a0\u00a0\u00a0\u00a0\u00a0\u00a0\u00a0\u00a0\u00a0\u00a0\u00a0\u00a0\u00a0\u00a0\u00a0\u00a0\u00a0\u00a0\u00a0\u00a0\u00a0 Szuhaf\u0151\u00a0\u00a0\u00a0\u00a0\u00a0\u00a0\u00a0\u00a0\u00a0\u00a0\u00a0\u00a0\u00a0\u00a0 11:30- Cs\u00fct\u00f6rt\u00f6k:\u00a0\u00a0\u00a0\u00a0\u00a0\u00a0\u00a0\u00a0\u00a0\u00a0\u00a0\u00a0\u00a0\u00a0\u00a0\u00a0\u00a0\u00a0\u00a0\u00a0 Als\u00f3szuha\u00a0 \u00a0 \u00a0 \u00a0 \u00a0 [&hellip;]<\/p>\n","protected":false},"author":2,"featured_media":0,"parent":0,"menu_order":0,"comment_status":"closed","ping_status":"closed","template":"","meta":[],"_links":{"self":[{"href":"http:\/\/www.zadorfalva.hu\/index.php?rest_route=\/wp\/v2\/pages\/32"}],"collection":[{"href":"http:\/\/www.zadorfalva.hu\/index.php?rest_route=\/wp\/v2\/pages"}],"about":[{"href":"http:\/\/www.zadorfalva.hu\/index.php?rest_route=\/wp\/v2\/types\/page"}],"author":[{"embeddable":true,"href":"http:\/\/www.zadorfalva.hu\/index.php?rest_route=\/wp\/v2\/users\/2"}],"replies":[{"embeddable":true,"href":"http:\/\/www.zadorfalva.hu\/index.php?rest_route=%2Fwp%2Fv2%2Fcomments&post=32"}],"version-history":[{"count":3,"href":"http:\/\/www.zadorfalva.hu\/index.php?rest_route=\/wp\/v2\/pages\/32\/revisions"}],"predecessor-version":[{"id":162,"href":"http:\/\/www.zadorfalva.hu\/index.php?rest_route=\/wp\/v2\/pages\/32\/revisions\/162"}],"wp:attachment":[{"href":"http:\/\/www.zadorfalva.hu\/index.php?rest_route=%2Fwp%2Fv2%2Fmedia&parent=32"}],"curies":[{"name":"wp","href":"https:\/\/api.w.org\/{rel}","templated":true}]}}