{"id":246,"date":"2021-03-26T09:06:11","date_gmt":"2021-03-26T09:06:11","guid":{"rendered":"http:\/\/www.zadorfalva.hu\/?page_id=246"},"modified":"2021-09-28T08:12:33","modified_gmt":"2021-09-28T08:12:33","slug":"rendeletek-2","status":"publish","type":"page","link":"http:\/\/www.zadorfalva.hu\/?page_id=246","title":{"rendered":"Rendeletek"},"content":{"rendered":"\n<p class=\"has-text-color\" style=\"color:#c69c6d\"><strong><a rel=\"noreferrer noopener\" href=\"http:\/\/www.zadorfalva.hu\/wp-content\/uploads\/2021\/09\/GENERIC_22BW-7_03420.pdf\" data-type=\"URL\" data-id=\"http:\/\/www.zadorfalva.hu\/wp-content\/uploads\/2021\/09\/GENERIC_22BW-7_03420.pdf\" target=\"_blank\">Z\u00e1dorfalva K\u00f6zs\u00e9g \u00f6nkorm\u00e1nyzata K\u00e9pvisel\u0151-test\u00fclet\u00e9nek  6\/2021. (IX.14.) \u00f6nkorm\u00e1nyzati rendelete a szoci\u00e1lis ell\u00e1t\u00e1<\/a><a href=\"http:\/\/www.zadorfalva.hu\/wp-content\/uploads\/2021\/09\/rendelet_001.pdf\" data-type=\"URL\" data-id=\"http:\/\/www.zadorfalva.hu\/wp-content\/uploads\/2021\/09\/rendelet_001.pdf\" target=\"_blank\" rel=\"noreferrer noopener\">sokr\u00f3l<\/a><\/strong><\/p>\n\n\n\n<p><\/p>\n\n\n\n<div class=\"wp-block-file\"><a href=\"http:\/\/www.zadorfalva.hu\/wp-content\/uploads\/2021\/04\/Falugondnoki-rendelet.docx\" target=\"_blank\" rel=\"noreferrer noopener\"><strong>Z\u00e1dorfalva K\u00f6zs\u00e9g \u00d6nkorm\u00e1nyzata K\u00e9pvisel\u0151 test\u00fclet\u00e9nek 6\/2018.\/X.10.\/ \u00d6nkorm\u00e1nyzati rendelete A Falugondnoki szolg\u00e1ltat\u00e1sr\u00f3l <\/strong><\/a><\/div>\n\n\n\n<p><\/p>\n","protected":false},"excerpt":{"rendered":"<p>Z\u00e1dorfalva K\u00f6zs\u00e9g \u00f6nkorm\u00e1nyzata K\u00e9pvisel\u0151-test\u00fclet\u00e9nek 6\/2021. (IX.14.) \u00f6nkorm\u00e1nyzati rendelete a szoci\u00e1lis ell\u00e1t\u00e1sokr\u00f3l<\/p>\n","protected":false},"author":2,"featured_media":0,"parent":0,"menu_order":0,"comment_status":"closed","ping_status":"closed","template":"","meta":[],"_links":{"self":[{"href":"http:\/\/www.zadorfalva.hu\/index.php?rest_route=\/wp\/v2\/pages\/246"}],"collection":[{"href":"http:\/\/www.zadorfalva.hu\/index.php?rest_route=\/wp\/v2\/pages"}],"about":[{"href":"http:\/\/www.zadorfalva.hu\/index.php?rest_route=\/wp\/v2\/types\/page"}],"author":[{"embeddable":true,"href":"http:\/\/www.zadorfalva.hu\/index.php?rest_route=\/wp\/v2\/users\/2"}],"replies":[{"embeddable":true,"href":"http:\/\/www.zadorfalva.hu\/index.php?rest_route=%2Fwp%2Fv2%2Fcomments&post=246"}],"version-history":[{"count":15,"href":"http:\/\/www.zadorfalva.hu\/index.php?rest_route=\/wp\/v2\/pages\/246\/revisions"}],"predecessor-version":[{"id":281,"href":"http:\/\/www.zadorfalva.hu\/index.php?rest_route=\/wp\/v2\/pages\/246\/revisions\/281"}],"wp:attachment":[{"href":"http:\/\/www.zadorfalva.hu\/index.php?rest_route=%2Fwp%2Fv2%2Fmedia&parent=246"}],"curies":[{"name":"wp","href":"https:\/\/api.w.org\/{rel}","templated":true}]}}